{"id":146,"date":"2014-04-20T16:53:37","date_gmt":"2014-04-20T16:53:37","guid":{"rendered":"http:\/\/mutschmann.de\/?page_id=146"},"modified":"2014-04-20T22:51:42","modified_gmt":"2014-04-20T22:51:42","slug":"kontakt-2","status":"publish","type":"page","link":"http:\/\/mutschmann.de\/?page_id=146","title":{"rendered":"Kontakt"},"content":{"rendered":"<p>MUTSCHMANN<br \/>\nInnenarchitektur<br \/>\nB\u00fcros I L\u00e4den I Privatr\u00e4ume<\/p>\n<p>Dipl.-Designer Norbert Mutschmann<br \/>\nBreitscheidstr. 78 \/ A1<br \/>\nD-01237 Dresden<\/p>\n<p>Tel. +49 (0)351 476 35 -34 \/ Fax -85 Funk +49 (0)172 405 19 37<br \/>\ninfo@mutschmann.de I www.mutschmann.de<\/p>\n<p><span class=\"xr_tl xr_s0\" style=\"top: -23px;\">Norbert Mutschmann 1967 in Gera geboren Von 1989 bis 1994 Studium an der Hochschule f\u00fcr Kunst und Design Halle Burg Giebichenstein<br \/>\nAbschluss 1994 als Dipl.-Designer<br \/>\nAugust 1992 Studium am Institut f\u00fcr Wissenschaft und Technologie der Universit\u00e4t Manchester<br \/>\nVon 1992 bis 1993 Praktikum beim Designb\u00fcro Kunstflug in D\u00fcsseldorf<br \/>\nSeit 1995 freiberuflich t\u00e4tig als Produktdesigner und Inneneinrichter in enger Zusammenarbeit mit regionalen Firmen und Manufakturen<br \/>\nVon 2000 bis 2009 wissenschaftlicher Mitarbeiter an der Hochschule f\u00fcr Technik und Wirtschaft Dresden im Fachbereich Gestaltung<\/span><\/p>\n<p>&nbsp;<\/p>\n<p>&nbsp;<\/p>\n<div class=\"xr_s3\" style=\"position: absolute; left: 510px; top: 189px;\"><span class=\"xr_tl xr_s3\" style=\"top: -11px;\">\u00a0<\/span><\/div>\n","protected":false},"excerpt":{"rendered":"<p>MUTSCHMANN Innenarchitektur B\u00fcros I L\u00e4den I Privatr\u00e4ume Dipl.-Designer Norbert Mutschmann Breitscheidstr. 78 \/ A1 D-01237 Dresden Tel. +49 (0)351 476 35 -34 \/ Fax -85 Funk +49 (0)172 405 19&#8230;<\/p>\n","protected":false},"author":1,"featured_media":0,"parent":0,"menu_order":0,"comment_status":"closed","ping_status":"open","template":"","meta":{"footnotes":""},"class_list":["post-146","page","type-page","status-publish","hentry"],"_links":{"self":[{"href":"http:\/\/mutschmann.de\/index.php?rest_route=\/wp\/v2\/pages\/146","targetHints":{"allow":["GET"]}}],"collection":[{"href":"http:\/\/mutschmann.de\/index.php?rest_route=\/wp\/v2\/pages"}],"about":[{"href":"http:\/\/mutschmann.de\/index.php?rest_route=\/wp\/v2\/types\/page"}],"author":[{"embeddable":true,"href":"http:\/\/mutschmann.de\/index.php?rest_route=\/wp\/v2\/users\/1"}],"replies":[{"embeddable":true,"href":"http:\/\/mutschmann.de\/index.php?rest_route=%2Fwp%2Fv2%2Fcomments&post=146"}],"version-history":[{"count":11,"href":"http:\/\/mutschmann.de\/index.php?rest_route=\/wp\/v2\/pages\/146\/revisions"}],"predecessor-version":[{"id":167,"href":"http:\/\/mutschmann.de\/index.php?rest_route=\/wp\/v2\/pages\/146\/revisions\/167"}],"wp:attachment":[{"href":"http:\/\/mutschmann.de\/index.php?rest_route=%2Fwp%2Fv2%2Fmedia&parent=146"}],"curies":[{"name":"wp","href":"https:\/\/api.w.org\/{rel}","templated":true}]}}